{"id":620,"date":"2021-03-13T22:25:54","date_gmt":"2021-03-13T22:25:54","guid":{"rendered":"http:\/\/el.commonsupport.com\/newwp\/intech\/?page_id=620"},"modified":"2026-01-05T13:16:43","modified_gmt":"2026-01-05T12:16:43","slug":"news-style-01","status":"publish","type":"page","link":"https:\/\/ogronix.com\/index.php\/news-style-01\/","title":{"rendered":"Unsere neuesten Projekte"},"content":{"rendered":"\t\t<div data-elementor-type=\"wp-page\" data-elementor-id=\"620\" class=\"elementor elementor-620\">\n\t\t\t\t\t\t<section class=\"elementor-section elementor-top-section elementor-element elementor-element-a33d1e4 elementor-section-full_width elementor-section-height-default elementor-section-height-default\" data-id=\"a33d1e4\" data-element_type=\"section\">\n\t\t\t\t\t\t<div class=\"elementor-container elementor-column-gap-default\">\n\t\t\t\t\t<div class=\"elementor-column elementor-col-100 elementor-top-column elementor-element elementor-element-9241edf\" data-id=\"9241edf\" data-element_type=\"column\">\n\t\t\t<div class=\"elementor-widget-wrap elementor-element-populated\">\n\t\t\t\t\t\t<div class=\"elementor-element elementor-element-d250c2a elementor-widget elementor-widget-intech_blog_list\" data-id=\"d250c2a\" data-element_type=\"widget\" data-widget_type=\"intech_blog_list.default\">\n\t\t\t\t<div class=\"elementor-widget-container\">\n\t\t\t\t\t        \n        <section class=\"blog-two\">\n            <div class=\"container\">\n\t\t\t\t                <div class=\"blog-two__single wow fadeInUp row no-gutters\" data-wow-duration=\"2s\">\n                    <div class=\"col-lg-6\">\n                        <div class=\"blog-two__image\">\n\t\t\t\t\t\t\t<img fetchpriority=\"high\" decoding=\"async\" width=\"585\" height=\"360\" src=\"https:\/\/ogronix.com\/wp-content\/uploads\/2021\/03\/-\u044d\u043a\u0440\u0430\u043d\u0430-2025-02-08-\u0432-13.36.46-e1739018429870-585x360.png\" class=\"img-fluid wp-post-image\" alt=\"\" \/>                            <div class=\"blog-two__hover-content\">\n                                <a href=\"https:\/\/ogronix.com\/index.php\/2025\/02\/15\/https-taekwondo-itf-com\/\"><i class=\"fa fa-link\"><\/i><\/a>\n                            <\/div><!-- \/.blog-two__hover-content -->\n                        <\/div><!-- \/.blog-two__image -->\n                    <\/div><!-- \/.col-lg-6 -->\n                    <div class=\"col-lg-6 d-flex\">\n                        <div class=\"my-auto\">\n                            <div class=\"blog-two__content\">\n                                <h3 class=\"blog-two__title\"><a href=\"https:\/\/ogronix.com\/index.php\/2025\/02\/15\/https-taekwondo-itf-com\/\">Umfassende L\u00f6sung f\u00fcr eine Sportf\u00f6deration<\/a><\/h3><!-- \/.blog-two__title -->\n                                <p class=\"blog-two__text\">Umfassende L\u00f6sung f\u00fcr eine Sportf\u00f6deration In der modernen Welt sind Effizienz und Transparenz wesentliche Faktoren f\u00fcr den Erfolg jeder Organisation, insbesondere im Bereich des Sports. Um diesen Anforderungen gerecht zu werden, haben wir ein ...<\/p>\n                                <!-- \/.blog-two__text -->\n                                <div class=\"blog-one__meta\">\n                                    <img alt='' src='https:\/\/secure.gravatar.com\/avatar\/cc9e766497cf7976d8ca32dc55514dfc7bd6b3b48c0eba236eb2223bedc65e24?s=40&#038;d=mm&#038;r=g' srcset='https:\/\/secure.gravatar.com\/avatar\/cc9e766497cf7976d8ca32dc55514dfc7bd6b3b48c0eba236eb2223bedc65e24?s=80&#038;d=mm&#038;r=g 2x' class='avatar avatar-40 photo' height='40' width='40' \/>                                    <span class=\"blog-one__meta-text\">by <a href=\"https:\/\/ogronix.com\/index.php\/author\/admin\/\" class=\"blog-one__author\">admin<\/a> \/\n                                        <a href=\"https:\/\/ogronix.com\/index.php\/2025\/02\/\" class=\"blog-one__date\">15. Februar 2025<\/a><\/span>\n                                <\/div><!-- \/.blog-one__meta -->\n                            <\/div><!-- \/.blog-two__content -->\n                        <\/div><!-- \/.my-auto -->\n                    <\/div><!-- \/.col-lg-6 -->\n                <\/div><!-- \/.blog-two__single -->\n\t\t\t\t                <div class=\"blog-two__single wow fadeInUp row no-gutters\" data-wow-duration=\"2s\">\n                    <div class=\"col-lg-6\">\n                        <div class=\"blog-two__image\">\n\t\t\t\t\t\t\t<img decoding=\"async\" width=\"585\" height=\"360\" src=\"https:\/\/ogronix.com\/wp-content\/uploads\/2021\/03\/\u0421\u043d\u0438\u043c\u043e\u043a-\u044d\u043a\u0440\u0430\u043d\u0430-2025-02-08-\u0432-14.18.02-585x360.png\" class=\"img-fluid wp-post-image\" alt=\"\" \/>                            <div class=\"blog-two__hover-content\">\n                                <a href=\"https:\/\/ogronix.com\/index.php\/2025\/02\/15\/powerpoint-bunny-optimize-for-search-incentivization-closing\/\"><i class=\"fa fa-link\"><\/i><\/a>\n                            <\/div><!-- \/.blog-two__hover-content -->\n                        <\/div><!-- \/.blog-two__image -->\n                    <\/div><!-- \/.col-lg-6 -->\n                    <div class=\"col-lg-6 d-flex\">\n                        <div class=\"my-auto\">\n                            <div class=\"blog-two__content\">\n                                <h3 class=\"blog-two__title\"><a href=\"https:\/\/ogronix.com\/index.php\/2025\/02\/15\/powerpoint-bunny-optimize-for-search-incentivization-closing\/\">Umfassende\u00a0L\u00f6sung f\u00fcr die Monetarisierung von Videoinhalten<\/a><\/h3><!-- \/.blog-two__title -->\n                                <p class=\"blog-two__text\">Umfassende L\u00f6sung f\u00fcr die Monetarisierung von Videoinhalten In der heutigen digitalen Welt ist der Markt f\u00fcr Videoinhalte gr\u00f6\u00dfer und vielf\u00e4ltiger denn je. Um dieser wachsenden Nachfrage gerecht zu werden, haben wir eine innovative Plattform ...<\/p>\n                                <!-- \/.blog-two__text -->\n                                <div class=\"blog-one__meta\">\n                                    <img alt='' src='https:\/\/secure.gravatar.com\/avatar\/cc9e766497cf7976d8ca32dc55514dfc7bd6b3b48c0eba236eb2223bedc65e24?s=40&#038;d=mm&#038;r=g' srcset='https:\/\/secure.gravatar.com\/avatar\/cc9e766497cf7976d8ca32dc55514dfc7bd6b3b48c0eba236eb2223bedc65e24?s=80&#038;d=mm&#038;r=g 2x' class='avatar avatar-40 photo' height='40' width='40' \/>                                    <span class=\"blog-one__meta-text\">by <a href=\"https:\/\/ogronix.com\/index.php\/author\/admin\/\" class=\"blog-one__author\">admin<\/a> \/\n                                        <a href=\"https:\/\/ogronix.com\/index.php\/2025\/02\/\" class=\"blog-one__date\">15. Februar 2025<\/a><\/span>\n                                <\/div><!-- \/.blog-one__meta -->\n                            <\/div><!-- \/.blog-two__content -->\n                        <\/div><!-- \/.my-auto -->\n                    <\/div><!-- \/.col-lg-6 -->\n                <\/div><!-- \/.blog-two__single -->\n\t\t\t\t                <div class=\"blog-two__single wow fadeInUp row no-gutters\" data-wow-duration=\"2s\">\n                    <div class=\"col-lg-6\">\n                        <div class=\"blog-two__image\">\n\t\t\t\t\t\t\t<img decoding=\"async\" width=\"585\" height=\"360\" src=\"https:\/\/ogronix.com\/wp-content\/uploads\/2025\/02\/\u0421\u043d\u0438\u043c\u043e\u043a-\u044d\u043a\u0440\u0430\u043d\u0430-2026-01-02-161926-585x360.png\" class=\"img-fluid wp-post-image\" alt=\"\" \/>                            <div class=\"blog-two__hover-content\">\n                                <a href=\"https:\/\/ogronix.com\/index.php\/2025\/02\/15\/https-winew-reisen-com-about-us-buses-html\/\"><i class=\"fa fa-link\"><\/i><\/a>\n                            <\/div><!-- \/.blog-two__hover-content -->\n                        <\/div><!-- \/.blog-two__image -->\n                    <\/div><!-- \/.col-lg-6 -->\n                    <div class=\"col-lg-6 d-flex\">\n                        <div class=\"my-auto\">\n                            <div class=\"blog-two__content\">\n                                <h3 class=\"blog-two__title\"><a href=\"https:\/\/ogronix.com\/index.php\/2025\/02\/15\/https-winew-reisen-com-about-us-buses-html\/\">Umfassende L\u00f6sung f\u00fcr ein Transportunternehmen<\/a><\/h3><!-- \/.blog-two__title -->\n                                <p class=\"blog-two__text\">Umfassende L\u00f6sung f\u00fcr ein Transportunternehmen Wir haben ein innovatives System zur Verwaltung von Passagiertransporten entwickelt, das Transportunternehmen dabei hilft, Prozesse zu optimieren, den Kundenservice zu verbessern und Routen effizient zu planen. Diese vielseitige L\u00f6sung ...<\/p>\n                                <!-- \/.blog-two__text -->\n                                <div class=\"blog-one__meta\">\n                                    <img alt='' src='https:\/\/secure.gravatar.com\/avatar\/cc9e766497cf7976d8ca32dc55514dfc7bd6b3b48c0eba236eb2223bedc65e24?s=40&#038;d=mm&#038;r=g' srcset='https:\/\/secure.gravatar.com\/avatar\/cc9e766497cf7976d8ca32dc55514dfc7bd6b3b48c0eba236eb2223bedc65e24?s=80&#038;d=mm&#038;r=g 2x' class='avatar avatar-40 photo' height='40' width='40' \/>                                    <span class=\"blog-one__meta-text\">by <a href=\"https:\/\/ogronix.com\/index.php\/author\/admin\/\" class=\"blog-one__author\">admin<\/a> \/\n                                        <a href=\"https:\/\/ogronix.com\/index.php\/2025\/02\/\" class=\"blog-one__date\">15. Februar 2025<\/a><\/span>\n                                <\/div><!-- \/.blog-one__meta -->\n                            <\/div><!-- \/.blog-two__content -->\n                        <\/div><!-- \/.my-auto -->\n                    <\/div><!-- \/.col-lg-6 -->\n                <\/div><!-- \/.blog-two__single -->\n\t\t\t\t\t\t\t\t\n                <div class=\"post-pagination\">\n\t\t\t\t\t                <\/div><!-- \/.post-pagination -->\n            <\/div><!-- \/.container -->\n        <\/section><!-- \/.blog-two -->\n\n        \t\t\t\t<\/div>\n\t\t\t\t<\/div>\n\t\t\t\t\t<\/div>\n\t\t<\/div>\n\t\t\t\t\t<\/div>\n\t\t<\/section>\n\t\t\t\t<section class=\"elementor-section elementor-top-section elementor-element elementor-element-4fd413b elementor-section-full_width elementor-section-height-default elementor-section-height-default\" data-id=\"4fd413b\" data-element_type=\"section\">\n\t\t\t\t\t\t<div class=\"elementor-container elementor-column-gap-default\">\n\t\t\t\t\t<div class=\"elementor-column elementor-col-100 elementor-top-column elementor-element elementor-element-7062c69\" data-id=\"7062c69\" data-element_type=\"column\">\n\t\t\t<div class=\"elementor-widget-wrap elementor-element-populated\">\n\t\t\t\t\t\t<div class=\"elementor-element elementor-element-e9b5548 elementor-widget elementor-widget-intech_call_to_action_v3\" data-id=\"e9b5548\" data-element_type=\"widget\" data-widget_type=\"intech_call_to_action_v3.default\">\n\t\t\t\t<div class=\"elementor-widget-container\">\n\t\t\t\t\t        \n         <section class=\"cta-two wow fadeInUp\" data-wow-duration=\"2s\">\n            <div class=\"container-fluid\">\n                <div class=\"row no-gutters\">\n                    <div class=\"col-lg-6\">\n                        <div class=\"cta-two__left\">\n                            <div class=\"cta-two__inner\">\n                                <div class=\"block-title\">\n                                    <h2 class=\"block-title__title\">Wir betreiben IT-Dienstleistungen aller Art,<br><span>die Ihren Erfolg versprechen<\/span><\/h2><!-- \/.block-title__title -->\n                                <\/div><!-- \/.block-title -->\n\t\t\t\t\t\t\t\t                                <a href=\"http:\/\/ogronix.com\/index.php\/contact\/\" class=\"thm-btn cta-two__btn\"> Kontaktieren Sie uns<\/a><!-- \/.thm-btn -->\n\t\t\t\t\t\t\t\t                            <\/div><!-- \/.cta-two__inner -->\n                        <\/div><!-- \/.cta-two__left -->\n                    <\/div><!-- \/.col-lg-6 -->\n                    <div class=\"col-lg-6\">\n                        <div class=\"cta-two__right\">\n                            <div class=\"cta-two__inner\">\n                                <div class=\"block-title\">\n                                    <h2 class=\"block-title__title\">Nehmen Sie Kontakt mit unseren IT-Mitarbeitern auf.  \n\n <li>Schreiben Sie uns? <\/li>\n<\/ul><\/h2><!-- \/.block-title__title -->\n                                <\/div><!-- \/.block-title -->\n                                <p class=\"cta-two__phone\"><a href=\"tel:x\">info@ogronix.com<\/a><\/p>\n                                <!-- \/.cta-two__phone -->\n                            <\/div><!-- \/.cta-two__inner -->\n                        <\/div><!-- \/.cta-two__right -->\n                    <\/div><!-- \/.col-lg-6 -->\n                <\/div><!-- \/.row no-gutters -->\n            <\/div><!-- \/.container-fluid -->\n        <\/section><!-- \/.cta-two -->\n\n        \t\t\t\t<\/div>\n\t\t\t\t<\/div>\n\t\t\t\t\t<\/div>\n\t\t<\/div>\n\t\t\t\t\t<\/div>\n\t\t<\/section>\n\t\t<div class=\"elementor-element elementor-element-d6c24ad e-flex e-con-boxed e-con e-parent\" data-id=\"d6c24ad\" data-element_type=\"container\">\n\t\t\t\t\t<div class=\"e-con-inner\">\n\t\t\t\t\t<\/div>\n\t\t\t\t<\/div>\n\t\t\t\t<\/div>\n\t\t","protected":false},"excerpt":{"rendered":"<p>Umfassende L\u00f6sung f\u00fcr eine Sportf\u00f6deration Umfassende L\u00f6sung f\u00fcr eine Sportf\u00f6derationIn der modernen Welt sind Effizienz und Transparenz wesentliche Faktoren f\u00fcr den Erfolg jeder Organisation, insbesondere im Bereich des Sports. Um diesen Anforderungen gerecht zu werden, haben wir ein universelles Verwaltungssystem entwickelt, das speziell auf die Bed\u00fcrfnisse von Sportf\u00f6derationen zugeschnitten ist. Dieses System vereinfacht nicht nur [&hellip;]<\/p>\n","protected":false},"author":1,"featured_media":0,"parent":0,"menu_order":0,"comment_status":"closed","ping_status":"closed","template":"tpl-default-elementor.php","meta":{"footnotes":""},"class_list":["post-620","page","type-page","status-publish","hentry"],"_links":{"self":[{"href":"https:\/\/ogronix.com\/index.php\/wp-json\/wp\/v2\/pages\/620","targetHints":{"allow":["GET"]}}],"collection":[{"href":"https:\/\/ogronix.com\/index.php\/wp-json\/wp\/v2\/pages"}],"about":[{"href":"https:\/\/ogronix.com\/index.php\/wp-json\/wp\/v2\/types\/page"}],"author":[{"embeddable":true,"href":"https:\/\/ogronix.com\/index.php\/wp-json\/wp\/v2\/users\/1"}],"replies":[{"embeddable":true,"href":"https:\/\/ogronix.com\/index.php\/wp-json\/wp\/v2\/comments?post=620"}],"version-history":[{"count":25,"href":"https:\/\/ogronix.com\/index.php\/wp-json\/wp\/v2\/pages\/620\/revisions"}],"predecessor-version":[{"id":1842,"href":"https:\/\/ogronix.com\/index.php\/wp-json\/wp\/v2\/pages\/620\/revisions\/1842"}],"wp:attachment":[{"href":"https:\/\/ogronix.com\/index.php\/wp-json\/wp\/v2\/media?parent=620"}],"curies":[{"name":"wp","href":"https:\/\/api.w.org\/{rel}","templated":true}]}}