{"id":457,"date":"2021-03-13T17:44:08","date_gmt":"2021-03-13T17:44:08","guid":{"rendered":"http:\/\/el.commonsupport.com\/newwp\/intech\/?page_id=457"},"modified":"2026-01-02T14:02:44","modified_gmt":"2026-01-02T13:02:44","slug":"cyber-security","status":"publish","type":"page","link":"https:\/\/ogronix.com\/index.php\/cyber-security\/","title":{"rendered":"TV-Anwendungen"},"content":{"rendered":"\t\t<div data-elementor-type=\"wp-page\" data-elementor-id=\"457\" class=\"elementor elementor-457\">\n\t\t\t\t\t\t<section class=\"elementor-section elementor-top-section elementor-element elementor-element-af04681 elementor-section-full_width elementor-section-height-default elementor-section-height-default\" data-id=\"af04681\" data-element_type=\"section\">\n\t\t\t\t\t\t<div class=\"elementor-container elementor-column-gap-default\">\n\t\t\t\t\t<div class=\"elementor-column elementor-col-100 elementor-top-column elementor-element elementor-element-9f94912\" data-id=\"9f94912\" data-element_type=\"column\">\n\t\t\t<div class=\"elementor-widget-wrap elementor-element-populated\">\n\t\t\t\t\t\t<div class=\"elementor-element elementor-element-e5f8d36 elementor-widget elementor-widget-intech_service_details\" data-id=\"e5f8d36\" data-element_type=\"widget\" data-widget_type=\"intech_service_details.default\">\n\t\t\t\t<div class=\"elementor-widget-container\">\n\t\t\t\t\t        \n        <section class=\"services-details__content\">\n            <div class=\"container\">\n                <div class=\"row justify-content-between\">\n                    <div class=\"col-xl-4 col-lg-4\">\n                        <div class=\"services-details__content-info\">\n                            <div id=\"nav_menu-6\" class=\"services-widget widget_nav_menu\"><h3 class=\"services-details__content-info-title\">Type of Services<\/h3><div class=\"menu-dienstleistungen-container\"><ul id=\"menu-dienstleistungen\" class=\"menu\"><li id=\"menu-item-1017\" class=\"menu-item menu-item-type-post_type menu-item-object-page menu-item-1017\"><a href=\"https:\/\/ogronix.com\/index.php\/multi-function-services\/\">Komplexe L\u00f6sungen<\/a><\/li>\n<li id=\"menu-item-1018\" class=\"menu-item menu-item-type-post_type menu-item-object-page menu-item-1018\"><a href=\"https:\/\/ogronix.com\/index.php\/managed-it-services\/\">Webseitenentwicklung<\/a><\/li>\n<li id=\"menu-item-1019\" class=\"menu-item menu-item-type-post_type menu-item-object-page menu-item-1019\"><a href=\"https:\/\/ogronix.com\/index.php\/cyber-security\/\">TV-Anwendungen<\/a><\/li>\n<li id=\"menu-item-1020\" class=\"menu-item menu-item-type-post_type menu-item-object-page menu-item-1020\"><a href=\"https:\/\/ogronix.com\/index.php\/data-management\/\">Datenbanken<\/a><\/li>\n<li id=\"menu-item-1021\" class=\"menu-item menu-item-type-post_type menu-item-object-page menu-item-1021\"><a href=\"https:\/\/ogronix.com\/index.php\/cloud-computing\/\">Systeml\u00f6sungen<\/a><\/li>\n<\/ul><\/div><\/div>                        <\/div><!-- \/.services-details__content-info -->\n                    <\/div><!-- \/.col-xl-4 -->\n\t\t\t\t\t\n                    <div class=\"col-xl-7 col-lg-8\">\n                        <div class=\"services-details__content-block\">\n                            <div class=\"block-title\">\n                                <h2 class=\"block-title__title\"><span>TV-Anwendungen<\/span><\/h2>\n                                <!-- \/.block-title__title -->\n                            <\/div><!-- \/.block-title -->\n                            <br>\n                            <div class=\"services-details__image\">\n                                <img decoding=\"async\" src=\"https:\/\/ogronix.com\/wp-content\/uploads\/2021\/03\/blog-1-2-5.jpg\" alt=\"Awesome Image\">\n                            <\/div><!-- \/.services-details__image -->\n                            <br>\n                            <p class=\"services-details__content-text\">Unsere Plattformen bieten die perfekte L\u00f6sung f\u00fcr hochwertige IPTV- und OTT-\u00dcbertragungen. Wir legen besonderen Wert darauf, Ihnen nicht nur eine technologisch fortschrittliche Plattform zu bieten, sondern auch ein System, das speziell auf die Bed\u00fcrfnisse Ihres Unternehmens und Ihrer Zielgruppe zugeschnitten ist. Mit unseren L\u00f6sungen k\u00f6nnen Sie Ihre Inhalte effizient bereitstellen und gleichzeitig das Benutzererlebnis maximieren.<\/p><!-- \/.services-details__content-text -->\n                            <br>\n                            <h3 class=\"services-details__sub-title\">Individuelle Herangehensweise<\/h3><!-- \/.services-details__sub-title -->\n                            <br>\n                            <p class=\"services-details__content-text\">Wir verstehen, dass jedes Unternehmen einzigartig ist, und gestalten unsere Plattformen entsprechend Ihren spezifischen Anforderungen. Unser Ziel ist es, Ihnen L\u00f6sungen anzubieten, die nicht nur Ihre Gesch\u00e4ftsziele unterst\u00fctzen, sondern auch einfach zu verwalten und leistungsstark sind.<\/p><!-- \/.services-details__content-text -->\n\t\t\t\t\t\t\t\n\t\t\t\t\t\t\t                            <ul class=\"about-one__list list-unstyled\">\n\t\t\t\t\t\t\t\t                                <li class=\"about-one__list-item\">Unterst\u00fctzung von Full HD und 4K: <br> Unsere Plattformen gew\u00e4hrleisten h\u00f6chste \u00dcbertragungsqualit\u00e4t, sodass Ihr Publikum Ihre Inhalte in gestochen scharfer Aufl\u00f6sung genie\u00dfen kann.<\/li><!-- \/.about-one__list-item -->\n                                                                <li class=\"about-one__list-item\">Einfache Integration in andere Systeme: <br> Dank flexibler Schnittstellen k\u00f6nnen unsere Plattformen problemlos in bestehende IT-Systeme oder Drittanwendungen integriert werden, was den \u00dcbergang reibungslos und effizient macht.<\/li><!-- \/.about-one__list-item -->\n                                                                <li class=\"about-one__list-item\">Intuitive Benutzeroberfl\u00e4che: <br>Unsere Plattformen sind so gestaltet, dass sie sowohl f\u00fcr Administratoren als auch f\u00fcr Endnutzer einfach und verst\u00e4ndlich sind. Dies reduziert den Schulungsaufwand und sorgt f\u00fcr eine positive Nutzererfahrung.<\/li><!-- \/.about-one__list-item -->\n                                                            <\/ul><!-- \/.about-one__list -->\n\t\t\t\t\t\t\t                            <h3 class=\"services-details__sub-title\">Ma\u00dfgeschneidert f\u00fcr Sie<\/h3><!-- \/.service-details__sub-title -->\n                            <br>\n                            <p class=\"services-details__content-text\">Wir entwickeln Plattformen, die speziell darauf ausgelegt sind, das Engagement Ihrer Zielgruppe zu f\u00f6rdern. Dabei legen wir besonderen Wert auf ein einzigartiges Benutzererlebnis, das Ihre Zuschauer begeistert und an Ihre Inhalte bindet.\n<br><br>Unsere L\u00f6sungen sind darauf ausgelegt, sowohl kleinen Unternehmen als auch gro\u00dfen Anbietern gerecht zu werden. Egal, ob Sie eine Streaming-Plattform f\u00fcr ein Nischenpublikum oder eine umfassende OTT-L\u00f6sung f\u00fcr Millionen von Nutzern ben\u00f6tigen \u2013 wir haben die Expertise, um Ihre Vision Wirklichkeit werden zu lassen.<\/p><!-- \/.services-details__content-text -->\n                            <br>\n                            <div class=\"service-details__client-block\">\n                                <div class=\"row\">\n\t\t\t\t\t\t\t\t\t                                    <div class=\"col-lg-4 col-md-6 text-center\">\n                                        <img decoding=\"async\" src=\"https:\/\/ogronix.com\/wp-content\/uploads\/2021\/03\/brand-1-5-5.png\" alt=\"Academia\">\n                                    <\/div><!-- \/.col-lg-4 -->\n                                                                    <\/div><!-- \/.row -->\n                            <\/div><!-- \/.service-details__client-block -->\n                        <\/div><!-- \/.services-details__content-block -->\n                    <\/div><!-- \/.col-xl-7 -->\n                <\/div><!-- \/.row -->\n            <\/div><!-- \/.container -->\n        <\/section><!-- \/.services-details__content -->\n\n        \t\t\t\t<\/div>\n\t\t\t\t<\/div>\n\t\t\t\t\t<\/div>\n\t\t<\/div>\n\t\t\t\t\t<\/div>\n\t\t<\/section>\n\t\t\t\t<section class=\"elementor-section elementor-top-section elementor-element elementor-element-c7ed417 elementor-section-full_width elementor-section-height-default elementor-section-height-default\" data-id=\"c7ed417\" data-element_type=\"section\">\n\t\t\t\t\t\t<div class=\"elementor-container elementor-column-gap-default\">\n\t\t\t\t\t<div class=\"elementor-column elementor-col-100 elementor-top-column elementor-element elementor-element-ce414a1\" data-id=\"ce414a1\" data-element_type=\"column\">\n\t\t\t<div class=\"elementor-widget-wrap elementor-element-populated\">\n\t\t\t\t\t\t<div class=\"elementor-element elementor-element-f443fff elementor-widget elementor-widget-intech_call_to_action_v3\" data-id=\"f443fff\" data-element_type=\"widget\" data-widget_type=\"intech_call_to_action_v3.default\">\n\t\t\t\t<div class=\"elementor-widget-container\">\n\t\t\t\t\t        \n         <section class=\"cta-two wow fadeInUp\" data-wow-duration=\"2s\">\n            <div class=\"container-fluid\">\n                <div class=\"row no-gutters\">\n                    <div class=\"col-lg-6\">\n                        <div class=\"cta-two__left\">\n                            <div class=\"cta-two__inner\">\n                                <div class=\"block-title\">\n                                    <h2 class=\"block-title__title\">Wir betreiben IT-Dienstleistungen aller Art,<br><span>die Ihren Erfolg versprechen<\/span><\/h2><!-- \/.block-title__title -->\n                                <\/div><!-- \/.block-title -->\n\t\t\t\t\t\t\t\t                                <a href=\"http:\/\/ogronix.com\/index.php\/contact\/\" class=\"thm-btn cta-two__btn\"> Kontaktieren Sie uns<\/a><!-- \/.thm-btn -->\n\t\t\t\t\t\t\t\t                            <\/div><!-- \/.cta-two__inner -->\n                        <\/div><!-- \/.cta-two__left -->\n                    <\/div><!-- \/.col-lg-6 -->\n                    <div class=\"col-lg-6\">\n                        <div class=\"cta-two__right\">\n                            <div class=\"cta-two__inner\">\n                                <div class=\"block-title\">\n                                    <h2 class=\"block-title__title\">Nehmen Sie Kontakt mit unseren IT-Mitarbeitern auf.  \n\n <li>Schreiben Sie uns? <\/li>\n<\/ul><\/h2><!-- \/.block-title__title -->\n                                <\/div><!-- \/.block-title -->\n                                <p class=\"cta-two__phone\"><a href=\"tel:x\">info@ogronix.com<\/a><\/p>\n                                <!-- \/.cta-two__phone -->\n                            <\/div><!-- \/.cta-two__inner -->\n                        <\/div><!-- \/.cta-two__right -->\n                    <\/div><!-- \/.col-lg-6 -->\n                <\/div><!-- \/.row no-gutters -->\n            <\/div><!-- \/.container-fluid -->\n        <\/section><!-- \/.cta-two -->\n\n        \t\t\t\t<\/div>\n\t\t\t\t<\/div>\n\t\t\t\t\t<\/div>\n\t\t<\/div>\n\t\t\t\t\t<\/div>\n\t\t<\/section>\n\t\t\t\t<\/div>\n\t\t","protected":false},"excerpt":{"rendered":"<p>Type of Services Komplexe L\u00f6sungen Webseitenentwicklung TV-Anwendungen Datenbanken Systeml\u00f6sungen TV-Anwendungen Unsere Plattformen bieten die perfekte L\u00f6sung f\u00fcr hochwertige IPTV- und OTT-\u00dcbertragungen. Wir legen besonderen Wert darauf, Ihnen nicht nur eine technologisch fortschrittliche Plattform zu bieten, sondern auch ein System, das speziell auf die Bed\u00fcrfnisse Ihres Unternehmens und Ihrer Zielgruppe zugeschnitten ist. Mit unseren L\u00f6sungen k\u00f6nnen [&hellip;]<\/p>\n","protected":false},"author":1,"featured_media":0,"parent":0,"menu_order":0,"comment_status":"closed","ping_status":"closed","template":"tpl-default-elementor.php","meta":{"footnotes":""},"class_list":["post-457","page","type-page","status-publish","hentry"],"_links":{"self":[{"href":"https:\/\/ogronix.com\/index.php\/wp-json\/wp\/v2\/pages\/457","targetHints":{"allow":["GET"]}}],"collection":[{"href":"https:\/\/ogronix.com\/index.php\/wp-json\/wp\/v2\/pages"}],"about":[{"href":"https:\/\/ogronix.com\/index.php\/wp-json\/wp\/v2\/types\/page"}],"author":[{"embeddable":true,"href":"https:\/\/ogronix.com\/index.php\/wp-json\/wp\/v2\/users\/1"}],"replies":[{"embeddable":true,"href":"https:\/\/ogronix.com\/index.php\/wp-json\/wp\/v2\/comments?post=457"}],"version-history":[{"count":41,"href":"https:\/\/ogronix.com\/index.php\/wp-json\/wp\/v2\/pages\/457\/revisions"}],"predecessor-version":[{"id":1788,"href":"https:\/\/ogronix.com\/index.php\/wp-json\/wp\/v2\/pages\/457\/revisions\/1788"}],"wp:attachment":[{"href":"https:\/\/ogronix.com\/index.php\/wp-json\/wp\/v2\/media?parent=457"}],"curies":[{"name":"wp","href":"https:\/\/api.w.org\/{rel}","templated":true}]}}