{"id":456,"date":"2021-03-13T17:46:32","date_gmt":"2021-03-13T17:46:32","guid":{"rendered":"http:\/\/el.commonsupport.com\/newwp\/intech\/?page_id=456"},"modified":"2026-01-02T14:03:13","modified_gmt":"2026-01-02T13:03:13","slug":"cloud-computing","status":"publish","type":"page","link":"https:\/\/ogronix.com\/index.php\/cloud-computing\/","title":{"rendered":"Systeml\u00f6sungen"},"content":{"rendered":"\t\t<div data-elementor-type=\"wp-page\" data-elementor-id=\"456\" class=\"elementor elementor-456\">\n\t\t\t\t\t\t<section class=\"elementor-section elementor-top-section elementor-element elementor-element-af04681 elementor-section-full_width elementor-section-height-default elementor-section-height-default\" data-id=\"af04681\" data-element_type=\"section\">\n\t\t\t\t\t\t<div class=\"elementor-container elementor-column-gap-default\">\n\t\t\t\t\t<div class=\"elementor-column elementor-col-100 elementor-top-column elementor-element elementor-element-9f94912\" data-id=\"9f94912\" data-element_type=\"column\">\n\t\t\t<div class=\"elementor-widget-wrap elementor-element-populated\">\n\t\t\t\t\t\t<div class=\"elementor-element elementor-element-e5f8d36 elementor-widget elementor-widget-intech_service_details\" data-id=\"e5f8d36\" data-element_type=\"widget\" data-widget_type=\"intech_service_details.default\">\n\t\t\t\t<div class=\"elementor-widget-container\">\n\t\t\t\t\t        \n        <section class=\"services-details__content\">\n            <div class=\"container\">\n                <div class=\"row justify-content-between\">\n                    <div class=\"col-xl-4 col-lg-4\">\n                        <div class=\"services-details__content-info\">\n                            <div id=\"nav_menu-6\" class=\"services-widget widget_nav_menu\"><h3 class=\"services-details__content-info-title\">Type of Services<\/h3><div class=\"menu-dienstleistungen-container\"><ul id=\"menu-dienstleistungen\" class=\"menu\"><li id=\"menu-item-1017\" class=\"menu-item menu-item-type-post_type menu-item-object-page menu-item-1017\"><a href=\"https:\/\/ogronix.com\/index.php\/multi-function-services\/\">Komplexe L\u00f6sungen<\/a><\/li>\n<li id=\"menu-item-1018\" class=\"menu-item menu-item-type-post_type menu-item-object-page menu-item-1018\"><a href=\"https:\/\/ogronix.com\/index.php\/managed-it-services\/\">Webseitenentwicklung<\/a><\/li>\n<li id=\"menu-item-1019\" class=\"menu-item menu-item-type-post_type menu-item-object-page menu-item-1019\"><a href=\"https:\/\/ogronix.com\/index.php\/cyber-security\/\">TV-Anwendungen<\/a><\/li>\n<li id=\"menu-item-1020\" class=\"menu-item menu-item-type-post_type menu-item-object-page menu-item-1020\"><a href=\"https:\/\/ogronix.com\/index.php\/data-management\/\">Datenbanken<\/a><\/li>\n<li id=\"menu-item-1021\" class=\"menu-item menu-item-type-post_type menu-item-object-page menu-item-1021\"><a href=\"https:\/\/ogronix.com\/index.php\/cloud-computing\/\">Systeml\u00f6sungen<\/a><\/li>\n<\/ul><\/div><\/div>                        <\/div><!-- \/.services-details__content-info -->\n                    <\/div><!-- \/.col-xl-4 -->\n\t\t\t\t\t\n                    <div class=\"col-xl-7 col-lg-8\">\n                        <div class=\"services-details__content-block\">\n                            <div class=\"block-title\">\n                                <h2 class=\"block-title__title\"><span>Systeml\u00f6sungen<\/span><\/h2>\n                                <!-- \/.block-title__title -->\n                            <\/div><!-- \/.block-title -->\n                            <br>\n                            <div class=\"services-details__image\">\n                                <img decoding=\"async\" src=\"https:\/\/ogronix.com\/wp-content\/uploads\/2021\/03\/service-cloud-d-1-5.jpg\" alt=\"Awesome Image\">\n                            <\/div><!-- \/.services-details__image -->\n                            <br>\n                            <p class=\"services-details__content-text\">Wir bieten ein umfassendes Spektrum an Systeml\u00f6sungen, die von der Serverkonfiguration bis hin zur kontinuierlichen Unterst\u00fctzung reichen. Unser Ziel ist es, ma\u00dfgeschneiderte IT-Infrastrukturen zu schaffen, die den individuellen Anforderungen Ihres Unternehmens entsprechen und einen reibungslosen Betrieb Ihrer Systeme gew\u00e4hrleisten.<\/p><!-- \/.services-details__content-text -->\n                            <br>\n                            <h3 class=\"services-details__sub-title\">Zuverl\u00e4ssige Infrastruktur<\/h3><!-- \/.services-details__sub-title -->\n                            <br>\n                            <p class=\"services-details__content-text\">Eine stabile und effiziente IT-Infrastruktur ist entscheidend f\u00fcr den Erfolg Ihres Unternehmens. Unsere Experten k\u00fcmmern sich um die sorgf\u00e4ltige Planung, Implementierung und Wartung Ihrer Server und Systeme, um h\u00f6chste Zuverl\u00e4ssigkeit und Leistung sicherzustellen. Durch proaktive \u00dcberwachungs- und Support-Dienste minimieren wir Ausfallzeiten und sorgen daf\u00fcr, dass Ihre IT-Umgebung stets optimal funktioniert.<\/p><!-- \/.services-details__content-text -->\n\t\t\t\t\t\t\t\n\t\t\t\t\t\t\t                            <ul class=\"about-one__list list-unstyled\">\n\t\t\t\t\t\t\t\t                                <li class=\"about-one__list-item\">Unterst\u00fctzung rund um die Uhr: <br>Unser Support-Team steht Ihnen 24\/7 zur Verf\u00fcgung, um bei Fragen oder Problemen schnell und effizient zu helfen. So stellen wir sicher, dass Ihre Systeme jederzeit betriebsbereit sind.<\/li><!-- \/.about-one__list-item -->\n                                                                <li class=\"about-one__list-item\">Datensicherung: <br>Wir implementieren umfassende Backup-L\u00f6sungen, um Ihre Daten vor Verlust zu sch\u00fctzen und eine schnelle Wiederherstellung im Notfall zu erm\u00f6glichen. Regelm\u00e4\u00dfige Sicherungen und Tests gew\u00e4hrleisten die Integrit\u00e4t Ihrer Daten.<\/li><!-- \/.about-one__list-item -->\n                                                                <li class=\"about-one__list-item\">Stabile Systemleistung: <br>Durch kontinuierliche \u00dcberwachung und regelm\u00e4\u00dfige Wartung sorgen wir f\u00fcr eine gleichbleibend hohe Performance Ihrer IT-Systeme. Dies erm\u00f6glicht es Ihnen, sich auf Ihr Kerngesch\u00e4ft zu konzentrieren, ohne sich um technische Probleme sorgen zu m\u00fcssen.<\/li><!-- \/.about-one__list-item -->\n                                                            <\/ul><!-- \/.about-one__list -->\n\t\t\t\t\t\t\t                            <h3 class=\"services-details__sub-title\">Unser Engagement<\/h3><!-- \/.service-details__sub-title -->\n                            <br>\n                            <p class=\"services-details__content-text\">Wir sind bestrebt, den reibungslosen Betrieb Ihrer IT-Systeme sicherzustellen, damit Sie sich voll und ganz auf das Wachstum und den Erfolg Ihres Unternehmens konzentrieren k\u00f6nnen. Mit unserer individuellen Herangehensweise und unserem hohen Qualit\u00e4tsanspruch bieten wir Ihnen ma\u00dfgeschneiderte L\u00f6sungen, die genau auf Ihre Bed\u00fcrfnisse zugeschnitten sind.<\/p><!-- \/.services-details__content-text -->\n                            <br>\n                            <div class=\"service-details__client-block\">\n                                <div class=\"row\">\n\t\t\t\t\t\t\t\t\t                                    <div class=\"col-lg-4 col-md-6 text-center\">\n                                        <img decoding=\"async\" src=\"https:\/\/ogronix.com\/wp-content\/uploads\/2021\/03\/brand-1-5-5.png\" alt=\"Academia\">\n                                    <\/div><!-- \/.col-lg-4 -->\n                                                                    <\/div><!-- \/.row -->\n                            <\/div><!-- \/.service-details__client-block -->\n                        <\/div><!-- \/.services-details__content-block -->\n                    <\/div><!-- \/.col-xl-7 -->\n                <\/div><!-- \/.row -->\n            <\/div><!-- \/.container -->\n        <\/section><!-- \/.services-details__content -->\n\n        \t\t\t\t<\/div>\n\t\t\t\t<\/div>\n\t\t\t\t\t<\/div>\n\t\t<\/div>\n\t\t\t\t\t<\/div>\n\t\t<\/section>\n\t\t\t\t<section class=\"elementor-section elementor-top-section elementor-element elementor-element-c7ed417 elementor-section-full_width elementor-section-height-default elementor-section-height-default\" data-id=\"c7ed417\" data-element_type=\"section\">\n\t\t\t\t\t\t<div class=\"elementor-container elementor-column-gap-default\">\n\t\t\t\t\t<div class=\"elementor-column elementor-col-100 elementor-top-column elementor-element elementor-element-ce414a1\" data-id=\"ce414a1\" data-element_type=\"column\">\n\t\t\t<div class=\"elementor-widget-wrap elementor-element-populated\">\n\t\t\t\t\t\t<div class=\"elementor-element elementor-element-f443fff elementor-widget elementor-widget-intech_call_to_action_v3\" data-id=\"f443fff\" data-element_type=\"widget\" data-widget_type=\"intech_call_to_action_v3.default\">\n\t\t\t\t<div class=\"elementor-widget-container\">\n\t\t\t\t\t        \n         <section class=\"cta-two wow fadeInUp\" data-wow-duration=\"2s\">\n            <div class=\"container-fluid\">\n                <div class=\"row no-gutters\">\n                    <div class=\"col-lg-6\">\n                        <div class=\"cta-two__left\">\n                            <div class=\"cta-two__inner\">\n                                <div class=\"block-title\">\n                                    <h2 class=\"block-title__title\">Wir betreiben IT-Dienstleistungen aller Art,<br><span>die Ihren Erfolg versprechen<\/span><\/h2><!-- \/.block-title__title -->\n                                <\/div><!-- \/.block-title -->\n\t\t\t\t\t\t\t\t                                <a href=\"http:\/\/ogronix.com\/index.php\/contact\/\" class=\"thm-btn cta-two__btn\"> Kontaktieren Sie uns<\/a><!-- \/.thm-btn -->\n\t\t\t\t\t\t\t\t                            <\/div><!-- \/.cta-two__inner -->\n                        <\/div><!-- \/.cta-two__left -->\n                    <\/div><!-- \/.col-lg-6 -->\n                    <div class=\"col-lg-6\">\n                        <div class=\"cta-two__right\">\n                            <div class=\"cta-two__inner\">\n                                <div class=\"block-title\">\n                                    <h2 class=\"block-title__title\">Nehmen Sie Kontakt mit unseren IT-Mitarbeitern auf.  \n\n <li>Schreiben Sie uns? <\/li>\n<\/ul><\/h2><!-- \/.block-title__title -->\n                                <\/div><!-- \/.block-title -->\n                                <p class=\"cta-two__phone\"><a href=\"tel:x\">info@ogronix.com<\/a><\/p>\n                                <!-- \/.cta-two__phone -->\n                            <\/div><!-- \/.cta-two__inner -->\n                        <\/div><!-- \/.cta-two__right -->\n                    <\/div><!-- \/.col-lg-6 -->\n                <\/div><!-- \/.row no-gutters -->\n            <\/div><!-- \/.container-fluid -->\n        <\/section><!-- \/.cta-two -->\n\n        \t\t\t\t<\/div>\n\t\t\t\t<\/div>\n\t\t\t\t\t<\/div>\n\t\t<\/div>\n\t\t\t\t\t<\/div>\n\t\t<\/section>\n\t\t\t\t<\/div>\n\t\t","protected":false},"excerpt":{"rendered":"<p>Type of Services Komplexe L\u00f6sungen Webseitenentwicklung TV-Anwendungen Datenbanken Systeml\u00f6sungen Systeml\u00f6sungen Wir bieten ein umfassendes Spektrum an Systeml\u00f6sungen, die von der Serverkonfiguration bis hin zur kontinuierlichen Unterst\u00fctzung reichen. Unser Ziel ist es, ma\u00dfgeschneiderte IT-Infrastrukturen zu schaffen, die den individuellen Anforderungen Ihres Unternehmens entsprechen und einen reibungslosen Betrieb Ihrer Systeme gew\u00e4hrleisten. Zuverl\u00e4ssige Infrastruktur Eine stabile und effiziente [&hellip;]<\/p>\n","protected":false},"author":1,"featured_media":0,"parent":0,"menu_order":0,"comment_status":"closed","ping_status":"closed","template":"tpl-default-elementor.php","meta":{"footnotes":""},"class_list":["post-456","page","type-page","status-publish","hentry"],"_links":{"self":[{"href":"https:\/\/ogronix.com\/index.php\/wp-json\/wp\/v2\/pages\/456","targetHints":{"allow":["GET"]}}],"collection":[{"href":"https:\/\/ogronix.com\/index.php\/wp-json\/wp\/v2\/pages"}],"about":[{"href":"https:\/\/ogronix.com\/index.php\/wp-json\/wp\/v2\/types\/page"}],"author":[{"embeddable":true,"href":"https:\/\/ogronix.com\/index.php\/wp-json\/wp\/v2\/users\/1"}],"replies":[{"embeddable":true,"href":"https:\/\/ogronix.com\/index.php\/wp-json\/wp\/v2\/comments?post=456"}],"version-history":[{"count":31,"href":"https:\/\/ogronix.com\/index.php\/wp-json\/wp\/v2\/pages\/456\/revisions"}],"predecessor-version":[{"id":1794,"href":"https:\/\/ogronix.com\/index.php\/wp-json\/wp\/v2\/pages\/456\/revisions\/1794"}],"wp:attachment":[{"href":"https:\/\/ogronix.com\/index.php\/wp-json\/wp\/v2\/media?parent=456"}],"curies":[{"name":"wp","href":"https:\/\/api.w.org\/{rel}","templated":true}]}}